 32. Let n be k(-16). Suppose 4 = 2*x, c - 1393 = 3*x - n*x. Is c prime?
True
Let a(f) = 65094*f - 1559. Is a(3) prime?
True
Let p be (-8)/(-64) + 27087/8. Let n = -1593 + p. Is n prime?
False
Let j(c) = c**3 + 17*c**2 - 3*c - 31. Let r be j(-17). Suppose 10 = -18*s + r*s. Suppose -s*z - z = -12414. Is z a prime number?
True
Let v(p) = p**2 + p + 1. Let x(r) = 197*r**2 - 11*r - 11. Let o be (-18)/(-8) - 2 - (-23)/4. Let i(y) = o*v(y) + x(y). Is i(-3) prime?
False
Let k be 2/(-6) - ((-37130)/15 - 6). Suppose 3*j - 5*r - k - 6292 = 0, 0 = j + 3*r - 2915. Is j prime?
False
Let a = 37072 - -40065. Is a composite?
False
Suppose 5*a + 71*a + 142764 - 579992 = 0. Is a a composite number?
True
Let f = 43801 - -23250. Is f composite?
True
Let i(t) = 5*t**2 + 2*t + 7. Let l be i(10). Let q be (2*l)/2*(-1 + -14). Is (-1)/2 - q/6 prime?
False
Let b = -13103 + 80505. Suppose 3*o - b = -0*o + i, 3*i = 15. Is o composite?
False
Is 72/(-240) + (-1334393)/(-10) a prime number?
True
Suppose -5*s - 68 - 22 = 0. Let o = s - -21. Suppose -2*b + 754 = 3*b + 3*p, b = -o*p + 158. Is b composite?
False
Let s(b) = -b**3 - 6*b**2 + 6*b - 7. Let o be s(-7). Suppose o = 6*d - 12 - 6. Is 44051/35 - ((-39)/(-15) - d) a prime number?
True
Suppose 0 = -2*r + j - 4*j + 4, 4*r - 10 = -5*j. Suppose 23675 = 4*m + r*v, 0 = -5*v + 8*v + 3. Let i = -4103 + m. Is i a prime number?
False
Suppose 0 = -j + 5*j - 4*s, s = 0. Suppose j = 4*k + 4*w + 160 - 1416, -2*w = -6. Is k composite?
False
Suppose -5*l = -45*f + 40*f - 60730, -5*l + 2*f = -60721. Is l a prime number?
True
Suppose 58*o = -4*k + 56*o + 29968, 2*k = -2*o + 14982. Is k a prime number?
False
Let c = 279 + -97. Suppose c = b - 107. Is b prime?
False
Let t(l) = 163*l**3 + 3*l**2. Let o(b) = -328*b**3 - 5*b**2 - b + 1. Let i(y) = 3*o(y) + 5*t(y). Is i(-2) prime?
True
Suppose -4*s + 10 = 2*c, 2*c = 4*s - 2*c - 16. Suppose -2*j - 17*h + 9590 = -19*h, s*j + 5*h - 14353 = 0. Is j a prime number?
False
Suppose o = 2*o - 520. Suppose -4*w - 2*q = -683 + 151, 4*w + 4*q = 528. Suppose 5*t = -z + w, 5*z - t - o = 176. Is z a composite number?
False
Is (3 - (-44)/(-14))/(12/(-11130924)) a composite number?
False
Suppose 4*l - 5*d = 394532, 0 = 3*l + 4*d + 137962 - 433861. Is l a prime number?
False
Suppose 0 = 63*b - 3689545 - 2404129 + 2014613. Is b a prime number?
True
Let p be (-6 - (-28)/5)/(5/(-25)). Suppose 2*r - p*v = -2*r + 5452, -2*r = 3*v - 2710. Is r prime?
True
Let s = 414 + 282. Let b(x) = -629*x - 425. Let k be b(-6). Suppose 7*r + s - k = 0. Is r composite?
False
Is (5805/18 + 14)*284/2 a prime number?
False
Suppose -2*g + 8*w = 6*w - 18, w + 17 = 3*g. Suppose 5*y = y + 2*l + 11280, -g*y - 4*l + 11268 = 0. Is y prime?
True
Suppose 67 = m - 4*w, -4*m = 3*w - 161 - 69. Let i = -57 + m. Suppose -i*x + 8 = -6. Is x prime?
True
Let n(z) = z + 21. Let p be n(-14). Let a = p + -4. Suppose -a*y + 145 + 153 = w, -5*w - 2*y = -1529. Is w a composite number?
False
Let g(c) = 3102*c - 6175. Is g(17) a composite number?
False
Let p(u) = 638*u**3 + 4*u**2 - 5*u + 1. Is p(4) prime?
False
Let o(b) be the first derivative of -b**4/4 - b**3/3 - 9*b**2/2 + 3247*b + 63. Is o(0) a composite number?
True
Let k(t) = 28 - 1 - 231*t + 26*t + 21. Let s be k(-8). Is (-1 - 4 - s)/(-1) prime?
True
Let y = 546416 + -20917. Is y prime?
False
Let y(z) = 51*z**2 + 29*z + 201. Is y(-20) composite?
False
Let d(n) = n**2 - n + 1. Suppose -2 = 5*r - 3*v, 10*r + 6 = 5*r + 4*v. Let x be d(r). Let p(a) = 30*a**3 - 3*a**2 - a + 5. Is p(x) a composite number?
True
Let t(w) be the second derivative of w**4/4 + 23*w**3/6 - 13*w**2/2 + 2*w - 22. Is t(9) prime?
False
Let s = 139264 + -96323. Is s prime?
False
Let l(k) = 54*k**3 - k**2 + 5*k - 5. Let i be l(5). Let d(u) = -3*u**3 + 3*u**2 + 127*u + 2. Let g be d(7). Suppose -g*a = -14*a + i. Is a prime?
False
Let s = 242 + -222. Suppose -25*d = -s*d - 8105. Is d a composite number?
False
Let i(u) = -43*u - 22*u + 137*u**2 + 38*u + 5. Is i(13) composite?
False
Suppose 16*j = 9*j - 14. Is (0 - j)/((-18)/(-33867)) prime?
False
Let z(k) = -k + 6. Let l be z(3). Is (3 + (1 - l))/((-2)/(-7754)) a prime number?
True
Let k = -40 - -41. Let z(s) = 33*s**3 - 3*s**2 + 5*s + 2. Let b(n) = n**2. Let o(j) = k*z(j) - 2*b(j). Is o(3) composite?
False
Let p(r) = -r**3 - 31*r**2 + 2248*r + 53. Is p(31) composite?
False
Let x be 59 + -1 - 0 - 0. Suppose 3*a + 315 = 12*a. Let i = x - a. Is i a prime number?
True
Let u(j) be the second derivative of -j**4/12 + j**3/3 + 4*j**2 + 5*j. Let g be u(4). Suppose -4*r + 610 + 538 = g. Is r a prime number?
False
Suppose -1140 = 3*j - 1119, -5*j - 3047384 = -3*d. Is d a composite number?
True
Suppose -61*z - 2*f = -57*z - 1126870, -5*f = 2*z - 563439. Is z composite?
False
Suppose -q - 4*a = -122162, 4*q - 435906 - 52817 = -a. Is q a composite number?
True
Let s = -30 - -52. Let x = 34 - s. Suppose -x = 2*j - 6*j. Is j a composite number?
False
Is (-10)/4*(-28)/(-490)*-279853 a prime number?
True
Let f(d) = d**2 - 5*d - 4. Let h be f(7). Let w be ((-166)/h)/((-3)/15). Suppose -5*k + 112 = 2*p, k - 5*p - w = -3*k. Is k prime?
False
Suppose -1194 = 3*m + 2145. Let z = -2985 + 4603. Let y = m + z. Is y prime?
False
Suppose 5*f - 917246 = -4*n, 0 = -3*n - 36*f + 41*f + 687987. Is n a composite number?
True
Let m be (-76)/(-7) - (-4)/28. Let g = -20 - -62. Let d = m + g. Is d a prime number?
True
Let a be (-4)/7 + (-840)/(-98). Suppose a*q = 3*q - 2*t + 3, -5*t - 1 = 4*q. Is 151*5/1*q prime?
False
Suppose 5*a - 5*a = 4*a. Suppose w + w = -a*w. Let n(o) = -4*o + 379. Is n(w) composite?
False
Let m = 748 + 547. Let b = -3167 + m. Let q = b - -3295. Is q prime?
True
Suppose -3403 = -2*r + 101293. Is r/20 - (-2)/(-5) a prime number?
True
Suppose b - 5*b = -40. Is (-31564)/(-6) + (-6)/(-180)*b composite?
False
Let a = 4601 + -9259. Let g = 8091 + a. Is g a prime number?
True
Let z(w) = 3112*w + 1295. Is z(21) a composite number?
True
Let l = -5165 + 8468. Suppose -5*s + l = 2*r, -5*r + 0*r + 8274 = -4*s. Is r a prime number?
False
Let j(b) = 40702*b - 7. Let u be j(1). Suppose 14*f - u = 19211. Is f a prime number?
False
Suppose -2*p + 4*d + 22 + 4 = 0, -2*d - 6 = 0. Let j(c) = -c**3 + 7*c**2 + 5*c - 4. Let w be j(p). Suppose w*z = 29*z + 3054. Is z prime?
False
Suppose 0 = p - 4*b - 348807, -8*p + 3*b = 4*b - 2790555. Is p prime?
False
Let z be (2*3)/((-45)/(-10) - 6). Let d(v) = -v + 6. Let l be d(z). Let s(j) = 2*j**2 - j - 29. Is s(l) a composite number?
True
Suppose -177 = 5*y - 4*y. Let t = y - -278. Suppose 2*l - 5 - t = 0. Is l a prime number?
True
Let g = -120790 + 750227. Is g a composite number?
True
Let d(r) = 4*r**3 + 27. Let w(x) = 3 - 6*x - 2*x + 9*x - 2*x. Let v be w(-4). Is d(v) composite?
False
Let f(z) = z**2 - z - 1. Let r be f(-2). Let a(c) be the first derivative of 3*c**4/4 - c**2 - 4*c - 31. Is a(r) a composite number?
True
Let o(h) be the third derivative of 10081*h**5/60 + 11*h**4/24 + 3*h**3/2 - 3*h**2. Is o(-1) a prime number?
True
Is (-91)/182 + (-2)/(-4) + -6 + 15845 a prime number?
False
Suppose 2*w - 302 = 4884. Suppose 3*z = -5*a + 7907, -549 = -2*a + 4*z + w. Is a prime?
True
Let q(n) be the second derivative of 9*n**5/20 - 2*n**4/3 + 3*n**3/2 - 11*n**2/2 + 1385*n. Let y = -8 - -13. Is q(y) composite?
True
Let g = -73 + 64. Let t(z) = 7*z**2 + 2*z - 30. Let a be t(g). Is (((-20)/6)/((-2)/a))/1 a composite number?
True
Let h = -30 + 33. Suppose -4*w = -m + 2866, -h = -2*w - w. Suppose 3*y + 803 = m. Is y a prime number?
False
Suppose t = 5*z - 0*t - 2062, -t = 4*z - 1655. Let l(k) = 3*k - 28. Let h be l(10). Suppose -4*f - h*c + 352 = 4, 5*f - 3*c = z. Is f a composite number?
True
Suppose 2*n + 20203 = 3*v + 2*v, n = 3*v - 12122. Suppose -4*i = 4*c - 7740, c - 11769 = -4*i - v. Is i a prime number?
True
Let s be (-21)/63*(-5)/(5/6). Is (-5884)/(-6)*3/s a prime number?
True
Let q be 10/(-5 - (-1 - 6)). Suppose 2510 = q*r - 3*r. Is r a prime number?
False
Let n be (36/(-63))/(-1)*7/(-2). Is 5 + (-3584)/(-4 - n) prime?
False
Let u(s) = -109*s**2 - 6*s + 28. Let z be u(7). Let b = z - -8098. Is b a composite number?
True
Let s = 3125839 - 1945830. Is s prime?
True
Suppose 5*g = 175 + 5030. Suppose -23*y - 21 = -30*y. Suppose y*t - 1598 - g = -2*h, -t + 2*h = -877. Is t a c